-4*v + 106, -5*v + 5*g + 160 = 0. What is the remainder when 268 is divided by v?
28
What is the remainder when 21/(-273)*13*(2 - 55) is divided by 50?
3
Suppose 4*n - 29 = 155. What is the remainder when n is divided by (28/21)/((-4)/18) + 582 + -558?
10
Let g = 1507 - 1435. Calculate the remainder when 2302 is divided by g.
70
Suppose 0 = 12*d - 3*z - 1683, 44*z - 9 = 45*z. Calculate the remainder when 1189 is divided by d.
85
Suppose 40*i + 660 = 44*i. Let g = i - 151. Calculate the remainder when 67 is divided by g.
11
Calculate the remainder when 351 is divided by (136/3)/(19 + (-495)/27).
11
Let s be 6 + ((-165)/57 - 6/57). Suppose -2*z = -8, -7 = -s*x - 4*z + 219. What is the remainder when 278 is divided by x?
68
Let y = -198 - -534. Calculate the remainder when 106 is divided by 7/y*8 + 59/6.
6
Let i(t) = 3*t + 73. Let s be i(-19). Suppose -183 = -s*u + 13*u. What is the remainder when 121 is divided by u?
60
Let t be (-1185)/(-45) + (-4)/(-6). What is the remainder when 3 + 148 - (32 - t) is divided by 30?
26
Suppose -i = -2*m + 419, -5*m = -2*m + i - 626. What is the remainder when m is divided by (2/3)/((-4)/(-144)) - 3?
20
Let s(a) = -779*a - 8319. What is the remainder when s(-11) is divided by 68?
46
Suppose 0 = -5*s + 195 + 145. Let a = s + -60. What is the remainder when 36 is divided by a?
4
Let j(v) = 2*v**2 + 2*v + 4. What is the remainder when j(3) is divided by (-5 + 0)/(74/(-333) + 3/(-27))?
13
Let l(h) = -7*h - 70. Let s be l(-13). Suppose s*m - 585 = -144. Calculate the remainder when 166 is divided by m.
19
What is the remainder when 512 is divided by -4 + 22/2 - 24/(-4)?
5
Let z = -136 - -145. Let h = z - -32. Calculate the remainder when h is divided by 11.
8
Suppose -13*n = -3*n - 780. Suppose v - 2 = 0, 5*t - 1732 + 224 = -4*v. Calculate the remainder when t is divided by n.
66
Suppose 0 = -2*u - 8, -10*o + u - 21 = -11*o. Suppose -z - 3*r + 11 = 2, -2*z = -r - o. Calculate the remainder when 47 is divided by z.
11
Let r be 256/16 + 2 + -6. What is the remainder when -8*r/((-48)/65) is divided by 51?
28
Suppose -r - 31 = -85. What is the remainder when 211 + (-6741)/630 + 6/(-20) is divided by r?
38
Let u(j) = j**2 + 18*j + 29. Let x be u(-17). Let d = x - 6. What is the remainder when (-1)/(-8) - 2277/(-88) is divided by d?
2
Let h be (5 - 3)*4 + 1. Suppose x + 6*r - 3*r - h = 0, 16 = 2*x + 4*r. Calculate the remainder when (0 - 2/8)/(26/(-624)) is divided by x.
0
Let t = -8611 + 20544. What is the remainder when t is divided by 54?
53
Let u = 58 - 36. Suppose -c + u = 2*z, -2*z + 8 = -c + 2*z. Suppose 0*n + 42 = 2*n. Calculate the remainder when n is divided by c.
9
Suppose 2*d - 3 = -2*l + l, 0 = 5*d + 2*l - 9. Suppose -d*v + 181 = -26. Let y = -45 + v. What is the remainder when y is divided by 5?
4
Let c = -30 - -52. Let f = 107 - -149. Suppose f = j + 3*j. What is the remainder when j is divided by c?
20
Let a = -102 + 130. Let y(o) = 10*o + 45. What is the remainder when a is divided by y(-4)?
3
Let o = 1790 - 1718. What is the remainder when 144 is divided by o?
0
Suppose p = 4*p - 2025. Suppose 117 = -4*y + 133. Suppose 413 = 3*x - y*o + 3*o, o = -5*x + p. Calculate the remainder when x is divided by 23.
21
What is the remainder when -4*-4*1843/152 is divided by 40?
34
Let l = -194 + 188. Let c = l - -69. Calculate the remainder when c is divided by 11.
8
Suppose q - 25 = -2*a, -q = -0*q + 3. Suppose -12*h = -a*h + 70. What is the remainder when h is divided by (-10)/(-2) - 1 - -15?
16
Let t(p) = -p**2 + 8*p + 20. Let y be t(10). Suppose -29*f + 10*f + 3135 = y. What is the remainder when f is divided by 28?
25
Suppose -f - 3*f = 12*f - 46992. Calculate the remainder when f is divided by 978.
3
Let x(y) = -62 - 13*y + 31 + 35. Calculate the remainder when 343 is divided by x(-3).
42
Calculate the remainder when (-8925)/(-40) + (-2)/16 is divided by 76.
71
Suppose t - 23*o + 28*o + 13 = 0, 3*t + 3*o - 21 = 0. What is the remainder when 25604 is divided by t?
8
Suppose 3*a + 135 - 759 = 0. Suppose i + l = 31 - 99, 3*i + 4*l = -a. Let d = -42 - i. Calculate the remainder when 81 is divided by d.
15
Suppose 0 = -36*a + 41*a - 25. Suppose c - 24 = -q, -3*q - a*c - 42 = -4*q. Calculate the remainder when 46 is divided by q.
19
Let i = 732 - 169. What is the remainder when i is divided by 14?
3
Suppose 0 = -3*c + 2*c + 4*c. Let s be c + 4 + -5 + 0. Let h(l) = -16*l**3 + 3*l + 2. What is the remainder when 27 is divided by h(s)?
12
Suppose -149 = 16*h + 347. Calculate the remainder when 436 is divided by (3 - h)/2 + (-12)/3.
7
Suppose -31*i + 572 = -28*i + k, -5*i + 948 = 3*k. What is the remainder when i is divided by 37?
7
Let b be (-2)/(-3) - (-92)/6. Let k = 25 - b. Let t = 55107 - 55098. Calculate the remainder when t is divided by k.
0
Let d(q) = 267*q**2 - 268*q**2 + 2*q + 2 - 4. Let m be d(0). What is the remainder when 61 is divided by (13/(-2))/(1/m)?
9
Let d(w) = w**3 + 17*w**2 - 39*w - 17. Let g be d(-19). Let s(v) = 3*v**3 + 2*v**2 - 3. Calculate the remainder when s(g) is divided by 1 + 3 + -2 + 6.
5
Let c(v) = -2*v**3 - 29*v**2 - 19*v - 52. Suppose -2*o - 4*w - 80 = o, -3*o = 3*w + 75. Let f = o - -25. Calculate the remainder when c(-14) is divided by f.
3
Let s(m) = m**3 + 56*m**2 + 14*m - 204. Calculate the remainder when s(-55) is divided by 36.
35
Let h be -4*((-18)/(-8) - (-6)/(-2)). Let r be (5 + h)/(78/(-21) - -4). Suppose -2*u + 16 = -r. What is the remainder when 62 is divided by u?
18
Let i = 121 - 172. Let r = 6373 - 6437. Let k = i - r. Calculate the remainder when 89 is divided by k.
11
Let u = 22368 - 21881. Calculate the remainder when 4871 is divided by u.
1
Let h be (-6 + 3)/(1*(-2 - -1)). Suppose 0*v + 3*v - 111 = -4*n, 0 = -h*n + 2*v + 79. Suppose n*u = 29*u - 24. Calculate the remainder when 43 is divided by u.
7
Suppose t + 2*t = 639. Suppose -488*s + 725*s - 15879 = 0. What is the remainder when t is divided by s?
12
Let v = 26335 - 26202. What is the remainder when 963 is divided by v?
32
Suppose 0 = -i - 22*w + 17*w - 849, -i + w = 819. Calculate the remainder when 6 - (i/(-8))/(-1) is divided by 55.
54
Let p(f) = -f**2 + 29*f - 34. Let n be 482/18 + (-4)/(-18). Let s be p(n). Suppose 2*u - s*u = -468. What is the remainder when 100 is divided by u?
22
Suppose 2*n - s = 61, -377 = -14*n + 27*s - 30*s. What is the remainder when 174 is divided by n?
6
Let f = -3153 - -3243. Calculate the remainder when 355 is divided by f.
85
Let c(b) = 2*b - 12. Let k(g) = -3*g**3 - 4*g**2 + 3*g + 12. Let u be k(-2). Calculate the remainder when 44 is divided by c(u).
12
Suppose 2*p + 4*s + 674 = 0, 13 = 3*s + 25. Let b = -197 - p. Calculate the remainder when b is divided by 5.
2
Let d(q) = q**3 + 8*q**2 + 6*q. Suppose 5*y = 5*a - 380, 4*y - 110 = 1689*a - 1691*a. What is the remainder when a is divided by d(-6)?
33
Suppose 0 = -d - 0*u - 4*u + 83, -2*d + 3*u + 177 = 0. Let z = -356 - -699. What is the remainder when z is divided by d?
82
Let y(u) = u**3 - 71*u**2 - 175*u + 7453. Let z be (2 - 2/1) + 23. Let v = 94 - z. What is the remainder when v is divided by y(72)?
34
Let r = 1417 + -1405. Suppose -5*n + 30 = 4*m, 0*m = 3*m - 15. Suppose 2*j = 2*t + r, n*j - 6*j - 5*t + 33 = 0. What is the remainder when 33 is divided by j?
5
Suppose -26484 = 3368*g - 3380*g. What is the remainder when g is divided by 24?
23
Let w = 4227 - 4168. What is the remainder when w is divided by 54?
5
Let n = 118 + -80. Suppose 11082*t = 11099*t - 238. Calculate the remainder when n is divided by t.
10
Suppose z - 25 = -2*f, 4*z - 24 = -2*f + 46. Let u(m) = -m**3 + 15*m**2 + 3*m + 12. What is the remainder when 178 is divided by u(z)?
7
Calculate the remainder when (-28)/70 + (1354/10 - 2) is divided by 32 - (2/(-4) - (-63)/(-18)).
25
Let k = 52 + -39. Suppose -k*z + 81 = -4*z. What is the remainder when (-87)/(-27) - 2/z is divided by 1?
0
Suppose -m - 15 = -43. Suppose -g = -m + 26. Calculate the remainder when 2*g/((-8)/(-34)) + 2 is divided by 7.
5
Let w = -9 + 29. Let j be (39 + -51)*97/(-4). Let u = j + -238. What is the remainder when u is divided by w?
13
Let m = -14794 - -17308. Calculate the remainder when m is divided by 120.
114
Suppose 4*s + i = 2520, -645*s + i = -641*s - 2536. What is the re